ulate the highest common factor of r and s.
28
Suppose -28*n + 24*n + 4 = 0. Suppose -t + 5 = -n. Calculate the greatest common divisor of t and 24.
6
Let s(b) = -b**2 + 17*b - 21. Let r be s(15). What is the highest common divisor of r and 36?
9
Let q(i) be the second derivative of i**4/12 + 2*i**3/3 - 9*i**2/2 + 12*i. Let z be q(4). What is the highest common divisor of z and 92?
23
Suppose 0 = -7*k - 2*k - 9. Let i be 1 + -4 + 290 + k. Calculate the highest common divisor of i and 22.
22
Suppose -3501 = -15*l + 5409. What is the greatest common factor of 66 and l?
66
Suppose 0 = h - 3 - 6. Let l be (-2 - (-4 - -2))/2. Suppose l = -3*u + u + 54. Calculate the highest common factor of h and u.
9
Let d(o) = -o**3 - 30*o**2 - 89*o - 27. Let k be d(-27). Calculate the greatest common divisor of k and 36.
9
Suppose -3*p + 2*g = -366, -153 = -p - 5*g - 48. Calculate the greatest common factor of p and 72.
24
Suppose 4*s + 487 = -2*q - 253, -1874 = 5*q + 4*s. Let j be q/28*(-12)/2. Let f be (-3)/(-15) - 132/(-15). Calculate the highest common factor of f and j.
9
Let b = -69 - -113. Let h(p) = -p**2 - 7*p + 1. Let m = -34 + 29. Let k be h(m). What is the greatest common factor of b and k?
11
Let k(s) = 6*s**2 + 4*s - 3. Let g be k(1). Suppose f = g*f - 234. Calculate the greatest common factor of f and 52.
13
Let l = -12 + 12. Suppose 2*n + l = 2. Let m(j) = 3*j**2 + 1. Let x be m(1). Calculate the greatest common divisor of x and n.
1
Let g(v) = -16*v - 341. Let x be g(-27). Calculate the highest common factor of 130 and x.
13
Suppose 5*w + 4*q = 42, -4*w + 0*w + 32 = 4*q. Let i = -12 + w. Let h be (1/i)/((-2)/12). What is the highest common divisor of 1 and h?
1
Suppose w - 45 = -0*w. Let h(j) = 35*j - 5. Suppose -9*x + 2*x + 7 = 0. Let l be h(x). What is the highest common divisor of w and l?
15
Let z(x) = -4*x + 1. Let k be z(-2). Let m be 15/(-6)*(-35 - -1). Suppose -4*o + m + 95 = 0. Calculate the greatest common divisor of o and k.
9
Let x(d) = d**2 + 35*d + 3. Let i be x(-37). Calculate the greatest common divisor of 330 and i.
11
Let l(g) = -g**3 - g**2 + 6*g - 4. Let h be l(6). Let p be -121 - (6/2 - 3). Let q = p - h. Calculate the highest common divisor of q and 9.
9
Suppose -70*r + 66*r + 1408 = -5*v, -5*r + 5*v = -1765. What is the greatest common divisor of r and 51?
51
Suppose -3*w + s - 30 = 32, -4*w - 81 = -s. Let o(h) = 2*h**3 - 3*h**2 - 2*h + 4. Let t be o(3). Let i = w + t. What is the highest common factor of 12 and i?
6
Suppose 4*d - 3*d + 4*m = 166, 2*d + m = 332. Calculate the greatest common factor of 1494 and d.
166
Suppose -4*r - 4*n + 48 = 0, 3*r + r - 38 = n. Calculate the highest common divisor of 50 and r.
10
Let f(q) be the third derivative of q**6/120 + 17*q**5/60 + 5*q**4/8 - 13*q**3/6 - 11*q**2. Let d be f(-16). Calculate the highest common factor of d and 9.
3
Suppose -3*v = 3 + 12, -3255 = -5*r + 5*v. Calculate the highest common factor of r and 19.
19
Let o = -8 - -11. Suppose 13*b = 6*b + 14. Suppose 0 = b*j - 5*a + 4, -2*a + 13 = -j + 4*j. What is the highest common factor of o and j?
3
Let w = -4 + 13. Suppose 4*x + 3*k = -105 + 6, -5*x + k = 119. Let n be 6/8*x/(-6). What is the highest common factor of w and n?
3
Suppose -8 = k + 1. Let r be (-3 + 18)*(15 + k). Calculate the highest common divisor of 10 and r.
10
Let n(y) = y**3 - 32*y**2 + 60*y + 16. Let b be n(30). Calculate the highest common divisor of b and 256.
16
Let z(p) = -2*p**2 - 5*p - 7. Let i be z(-7). Let j = i - -110. Calculate the greatest common factor of 16 and j.
8
Let j(l) = l**3 + l**2 - l + 2. Let m be j(2). Suppose 0 = -t + 3 - 12. Let y be (t/(-1))/(-7*(-1)/14). What is the highest common divisor of m and y?
6
Let u(n) = -13*n**3 - 2*n**2 + 20*n + 59. Let m be u(-6). What is the highest common factor of 25 and m?
25
Let p(n) = -13*n + 129. Let m be p(-7). Let u = -147 + 235. What is the greatest common divisor of u and m?
44
Suppose 5*k - 60 - 30 = 0. Let i be (-2)/9 + 498/54. Let h = i + 18. What is the greatest common divisor of k and h?
9
Suppose -22*z - 47*z + 966 = 0. Calculate the highest common divisor of z and 1106.
14
Let f(a) = -64*a + 16. Let w be f(-4). Calculate the greatest common divisor of w and 34.
34
Suppose 6*z - 1340 = -61*z. Calculate the highest common divisor of z and 2140.
20
Let z(m) = m**3 + 9*m**2 - 9*m + 38. Let p be z(-10). Calculate the greatest common divisor of p and 756.
28
Let a(v) = 24*v**2 - 13*v - 3. Let b be a(-3). What is the highest common divisor of 180 and b?
36
Let b(g) = -20*g + 16. Let o be b(-3). Suppose 0 = -2*t + 31 + 7. Calculate the highest common divisor of o and t.
19
Suppose -t + 616 = 5*i - 5*t, 5*t = -4*i + 460. Calculate the greatest common divisor of 12 and i.
12
Suppose -23 = -l - 21. Suppose 0 = -2*m - 2*o + 16, m - 4*m = l*o - 22. Let y(j) = -3*j. Let h be y(-6). Calculate the highest common factor of m and h.
6
Let p be 1/2 + (-18)/(-12). Let y be p*(1 + (0 - -11)). What is the greatest common factor of 4 and y?
4
Suppose -6*o + 14*o - 3456 = 0. Calculate the highest common divisor of 27 and o.
27
Suppose 8 = -8*x + 12*x. Calculate the highest common factor of 65 and x.
1
Suppose -2*d + q + 3 = -2*q, 5 = -5*q. Let x be -2 + d - (-3 + 0). Let s = -22 + 23. Calculate the highest common factor of s and x.
1
Let u = -8 + 15. Suppose -4*c + 34 = 3*k, 2*c = k - c - u. Calculate the greatest common factor of 50 and k.
10
Suppose -3*s + 2*l + 3 = 0, 2*l + 3*l - 15 = 0. Suppose 4*q = s*q + 2. Suppose -24 = -37*p + 31*p. What is the greatest common factor of q and p?
2
Let x be ((6 - -64)/(-5))/(1/(-7)). What is the greatest common factor of x and 56?
14
Let r(x) = -x**3 + 11*x**2 - 8*x - 7. Let v be r(10). Suppose -v*u = -15*u + 4. Calculate the highest common factor of 3 and u.
1
Suppose -3*z - 3*x + 516 = 0, -6*x = 3*z - 7*x - 512. Calculate the highest common divisor of 114 and z.
57
Suppose 32 = 2*a - 8. Let p(o) = o**3 - o**2 - 4*o - 1. Let k be p(3). Calculate the greatest common factor of a and k.
5
Let g be 4/(-18) + 310/18. Let q(c) = 17*c + 2*c - 1 - 6*c - 5*c. Let w be q(15). What is the greatest common divisor of g and w?
17
Let b be (-108)/(-15)*(-15)/(-3 - 0). Suppose 11*k = 4*m + 6*k - 48, 3*k = 3*m - b. What is the highest common factor of 36 and m?
12
Let w be 108/14*(12 - -2). Suppose w = 4*g - 2*g. What is the greatest common factor of g and 36?
18
Let o(r) = r**2 + 6*r + 5. Let g be o(8). Calculate the greatest common divisor of g and 208.
13
Suppose -4*t + 208 = q - 2*t, -5*t - 187 = -q. Let w = -139 + q. Calculate the greatest common factor of w and 42.
21
Let f(z) = z**3 + 5*z**2 + z + 9. Let h be f(-5). Suppose -4*g + 201 = -l, 0*g + 2*g - h*l - 104 = 0. What is the greatest common divisor of 550 and g?
50
Let p(t) = 27*t - 28. Let n be p(7). Suppose 4*d = -2*b + n - 25, d = b + 31. Calculate the highest common divisor of 55 and d.
11
Suppose 0 = -5*f + 4 + 1, 4*f - 60 = -z. Suppose z*g = 55*g + 6. What is the highest common divisor of g and 54?
6
Suppose -3*v - 11 = 2*x, 2*v = -x + v - 5. Let d = -27 - x. Let n = d + 143. What is the highest common divisor of 30 and n?
30
Let p(i) = -i**3 + 12*i**2 + 12. Let f be p(12). Suppose q = -2*d + 7, -q = -3*q + 3*d. Suppose q*l + 28 = 100. Calculate the highest common factor of l and f.
12
Let b(q) = -57*q - 2. Let a = 16 + -17. Let y be b(a). Let m = y - 31. What is the greatest common factor of m and 192?
24
Let u(z) = 157*z**2 - 84*z - 18. Let x be u(5). Calculate the greatest common factor of 11 and x.
11
Let x(f) = 2*f**2 + 2. Let y = -1 - -4. Let i be x(y). Suppose 5*n - 298 = 2*b, 82 = 3*n - 2*b - 96. Calculate the greatest common divisor of n and i.
20
Let u(s) = 5 - 5 + s + 2 - 4*s. Let c be u(-2). Let b = 5 + c. Calculate the highest common factor of 104 and b.
13
Let h be (-266)/(-42) + 2 + (-7)/3. Let g be 2/(-2)*-23 - (2 + -3). Calculate the greatest common divisor of h and g.
6
Let p(r) = -27 + 6*r - 12 + 55. Let l be p(6). Suppose 0*q = q - 13. What is the highest common factor of q and l?
13
Suppose -22*z = -z - 756. What is the highest common factor of 432 and z?
36
Let w be ((-4)/(-1))/(10/25). Suppose 0 = w*n - 4*n - 252. What is the greatest common divisor of n and 28?
14
Let n = -57 + 104